- (r - -3)))/(-2) composite?
True
Let l(u) = 149*u**2 + 5*u - 23. Is l(-6) composite?
True
Let m(t) = -1953*t - 1699. Is m(-12) prime?
True
Let i be 18 - 17 - -1*5. Is 1 - -7223 - (210/i)/7 a composite number?
False
Suppose 2*r - 2 = 2*k + 10, -3*k - 4*r + 10 = 0. Is (-7)/(-14) + (-39693)/k a prime number?
False
Suppose -15*n - 40 = -25*n. Suppose 0 = -26*q - n*q + 173370. Is q prime?
True
Let a be (-784)/168 - (-2)/3. Let l(g) = -21*g**3 - 5*g**2 - 3*g + 1. Is l(a) composite?
False
Suppose 1099 = 796*i - 789*i. Suppose -125987 = -174*q + i*q. Is q a prime number?
True
Suppose -5*l - 6910 = z, 4*z + 938 = 2*l + 3724. Let w = 2302 + l. Is w composite?
False
Is (-2)/(12/(-18)*4/(658936/6)) prime?
False
Let u(m) = 33*m**3 + 10*m**2 - 24*m - 255. Is u(18) a composite number?
True
Let f = 389 + -384. Suppose s - 894 = -4*n + 10753, -f*s = -3*n + 8718. Is n prime?
False
Suppose -n - 3 = 0, 2*p - 2*n = -3*p + 381. Let t be 10/p + 15484/(-30). Let r = t - -953. Is r a composite number?
True
Let v(c) = 33*c**3 - 28*c**2 - 20*c**3 + 75 - 18*c**3 - 128*c. Let b(l) = -3*l**3 - 19*l**2 - 85*l + 50. Let r(u) = 8*b(u) - 5*v(u). Is r(16) a prime number?
True
Let g(q) = 83*q**2 + 3*q + 27. Suppose 5*x = -f - 65, 45 = -4*x + 5*f - 36. Is g(x) composite?
False
Let a = 39 - 98. Let f(n) = -7*n**2 + 8*n - 22. Let i be f(10). Let r = a - i. Is r prime?
False
Let y be 3 + ((-1)/(-1) - -87046). Suppose 13529 + y = 23*c. Is c a composite number?
False
Suppose -3*t + 4*i + 732315 = 0, i + 96182 = t - 147921. Is t a composite number?
True
Suppose 138*y = 141*y - 9. Suppose -y*p + 144 - 1616 = -x, 0 = 5*x - p - 7402. Is x composite?
False
Suppose 0 = 3*s + d - 56, -3*d = -9 + 3. Suppose -4*f = 2*p, p - 4*f - s - 6 = 0. Let a(h) = 3*h**2 - 8*h + 15. Is a(p) composite?
True
Let n be (-1)/4 + 332/(-16). Let r = n - -21. Suppose 2*a + 403 - 2501 = r. Is a a composite number?
False
Let u be ((-2674)/42)/((-2)/(-12)). Is u/4*(-7 - -3 - 2) a composite number?
True
Suppose 0 = -2*j + 2*d + 1206, -3*d + 676 = 2*j - 510. Let q be 1/(-7) + 102270/(-294). Let f = j + q. Is f a prime number?
True
Let f(o) = 4494*o + 1421. Is f(9) prime?
False
Let j(i) = -15*i + 4. Let d be (1/(-1))/((-2)/14). Let v be j(d). Let h = v + 250. Is h prime?
True
Suppose 3*h = 4*u + 409487, -22*u = -2*h - 18*u + 272986. Is h composite?
False
Let f(o) = -16*o**3 + 13*o**2 - 13*o - 12. Let m be f(-13). Let v = -2148 - m. Is 6/(-4)*v/27 a prime number?
True
Let y = 45994 + -25287. Is y prime?
True
Is 30/(-45) - (-2552070)/18 a composite number?
True
Let n(l) = 102*l + 147. Let d be n(19). Let h = 220 + d. Is h composite?
True
Suppose -56*w = -467393 - 24231. Is w a composite number?
False
Suppose 0 = 4*f - 3*f - 3*j - 1170908, 0 = 3*f - 2*j - 3512703. Is f a composite number?
False
Let a = 17 + -13. Suppose 5*p = -2*n + 17921, -5*p - n + 17930 = a*n. Let z = p + -2534. Is z a prime number?
True
Let b(y) = 836*y - 97. Let o be b(5). Is (-1)/(((-1)/o)/(7/21)) prime?
True
Let i be (12 + -13)*(-4 + 2). Suppose -5*q + 497 = i*c, q = 4*q + 4*c - 301. Let l = 646 - q. Is l prime?
True
Let d = 541828 + -177369. Is d a composite number?
False
Let u = 71367 - -294732. Is u a prime number?
False
Let f be -10*(-6866)/24 + (-89)/(-534). Is (f - 4) + -1*2 - -2 composite?
False
Let s(a) = 9*a + 23 + 5680*a**2 - 5676*a**2 - 723*a**3 + 0*a. Is s(-3) prime?
True
Let t = 22 - 12. Let b(z) = 2*z**3 - 14*z**2 + 22*z + 16. Let c be b(t). Suppose 2*x - 162 = c. Is x a prime number?
True
Let s(i) = -2*i**2 + 40*i - 31. Let j be s(19). Suppose 0 = j*f - 54*f + 548819. Is f composite?
False
Let j(m) = m**3 - 7*m**2 - 7*m + 4. Let d(p) = -p**3 + 8*p**2 + 8*p - 5. Let x(f) = -2*d(f) - 3*j(f). Let u = -3884 - -3881. Is x(u) a prime number?
False
Suppose 137*y - 245*y + 19956861 = 135*y. Is y composite?
True
Let u(y) = 15 + 53*y**2 - 9*y - 27 - 19. Let i be u(-6). Let x = -844 + i. Is x prime?
True
Is (337222/(-1442))/(((-2)/266)/1) a composite number?
True
Let b be (-56)/84*-1*3. Suppose 4*k + 0*k = -3*c + 13237, 0 = -b*c + k + 8821. Is c prime?
False
Let m(l) = 2*l**2 - 15*l + 1. Let g(c) = -1. Let x(i) = 5*g(i) + m(i). Suppose k = -0*k - 9. Is x(k) a composite number?
False
Suppose -43*u + 25 = -18. Let j(o) = 7609*o**3. Is j(u) a prime number?
False
Suppose 2231*j = 2320*j - 82702271. Is j a prime number?
True
Suppose 10*l - 20*l = 80. Let k = -1689 + 3842. Is (3 - (l/4 - -3)) + k prime?
False
Suppose -12 = 4*n, -29*r + 32*r - n + 195 = 0. Is ((8/3)/(-4))/(r/699831) prime?
True
Let p(o) = 622*o**2 + 120*o + 57. Is p(-11) composite?
False
Suppose 204*v - 3715394 = 26*v. Is v a composite number?
False
Let l = 287350 - 89717. Is l composite?
True
Suppose -5*v - 793 = -g, 2*v + 491 = -5*g + 163. Let h be (v/2)/((-24)/336). Suppose 0 = 6*y - 9*y + h. Is y a prime number?
False
Is ((-3656622)/(-9))/(222/333) a composite number?
False
Let f be 12860/60 - (-4)/6. Let q = 2 + f. Suppose -2*t + 2197 + q = 0. Is t a composite number?
True
Suppose -9082582 + 30515196 = 238*j. Is j prime?
True
Let a(g) = 5*g**3 + 26*g**2 + 4*g + 1. Let m be a(-5). Is 3*(49925/15 - m)*1 a prime number?
True
Let q(g) = -19*g + 214. Let s be q(11). Suppose -9280 = -4*u + 4*a, -2*u = s*a - 1805 - 2828. Is u prime?
False
Suppose 0*c - 3*c = -j - 205, -5*c + 355 = -5*j. Let n = -8780 - -11822. Let f = c + n. Is f a prime number?
True
Is (63/(-7) - (-1)/(1/5)) + 417527 a prime number?
True
Suppose -3*o = -2*l - 3*l - 594, 588 = 3*o - 3*l. Let u = o + 252. Is u a composite number?
True
Is 4/18 - (-9)/((-486)/(-1668750)) a composite number?
True
Suppose 0 = -h - 2*s + 66947, -2*s - 66944 = -h - 5*s. Suppose c - 42*c = -h. Is c a composite number?
True
Let o = 194 + -178. Let s = 291 + o. Is s composite?
False
Is 11703753/126 - (-6)/84 a prime number?
False
Suppose -7*w = 2*t - 3*w - 5738, 4*t - 11496 = -3*w. Let g(r) = 2*r**3 - 40*r**2 - 7*r + 6. Let c be g(18). Let y = t + c. Is y a composite number?
True
Let q(n) = 70*n**2 + 2*n + 15. Let d = -165 + 158. Is q(d) prime?
False
Suppose -1043299 - 9667251 = -208*u + 158*u. Is u composite?
False
Let j(o) = o**3 - 7*o**2 + 6*o + 3. Let s be j(7). Suppose -1576 = -43*k + s*k. Let p = 2259 + k. Is p composite?
False
Let b(r) = -r**3 + 15*r**2 + 2*r + 4. Let n(c) = 2*c**2 - 15. Let u(t) = 2*t**2 - t - 15. Let l(h) = -3*n(h) + 4*u(h). Let g be l(-3). Is b(g) a prime number?
False
Let s = 675 - 677. Is 8869/14 + 5/s prime?
True
Let w = -1473890 - -2275963. Is w composite?
False
Suppose 83 = r + 24. Let p = 66 - r. Let i(j) = -j**3 + 10*j**2 + 6*j + 2. Is i(p) a composite number?
False
Let f = 41470 - 19759. Suppose -u + 28948 = 2*i + 2*i, -3*i + f = -3*u. Is i prime?
True
Let f = 434027 - 198768. Is f a prime number?
False
Let d(f) = 253*f**3 - 25*f**2 + 6*f - 307. Is d(10) prime?
True
Suppose -5035982 = -55*h + 2008253. Is h prime?
False
Let g = 279781 - 78452. Is g prime?
True
Let x(y) = -y**2 - 8*y + 20. Let o be x(-22). Let h = o - -403. Is h composite?
True
Let h(k) = -k**3 + 6*k**2 + 2*k - 14. Let r be ((-12)/9)/(24/(-108)). Let w be h(r). Is 2 - (w + (-1443)/3) prime?
False
Let w(q) = q**3 + 7*q**2 + 4*q - 27. Let k be w(-5). Is k/(6/20540) + (-7 - -4) composite?
False
Is -3 + 15 - 8 - -745153 a prime number?
False
Suppose -4*p + 38358 = n - 156019, -4*p = 5*n - 194381. Suppose 154410 = 24*m + p. Is m prime?
True
Suppose -w + 1404866 = 4*l, 2*l + 433*w - 432*w - 702432 = 0. Is l a composite number?
False
Let k = 2 - 3. Let h(m) be the first derivative of -83*m**4 - m**3/3 + m**2/2 + m + 14. Is h(k) composite?
False
Suppose 4*n + 2 = 2*n, 4*n = 4*s - 732. Suppose -b = -0*b - 401. Let x = b + s. Is x prime?
False
Let d be 262482/205*(-35)/(-2). Suppose -9*g + d + 78546 = 0. Is g a composite number?
True
Suppose 6*p - 112 + 100 = 0. Suppose -p*h + 9921 = h. Is h prime?
True
Let v(f) = 4168*f**2 - 398*f - 25. Is v(-18) prime?
True
Suppose i - 22 = -19. Let m be (-4)/i*3*(-2)/4. Suppose 5*q - 1659 = m*q. Is q a prime number?
False
Let n(b) = -b**2 + 1. Let l(s) = 17*s**2 - 7*s + 41. Let k(r) = l(r) + 2*n(r). Is k(20) composite?
False
Suppose -20*u = -39*u + 3593413. Is u a composite number?
False
Let j(y) = 14*y**2 - 8*y + 22. Let u be j(6). Suppose -3*z - 1251 = -3*a, -2*a + 3*z = -358 - u. Suppose -3*q + 3*h + 56 = -394, 4